 (17 - (-4 + 4)) - (0 + 10).
25
Calculate (-8 - (-10 + -120)) + (425 - 416).
131
Calculate (6 - 19) + (41 - 4 - 43).
-19
What is the value of 43 + (12 - 53) + (0 + 40 - -1)?
43
1 + (1 - 20) + (-12 - -24) + -10
-16
What is (-25 - 29) + 92 - 27?
11
17 + -13 + (-14 - -33) + -4
19
What is the value of 32 - ((25 - (-33 + 20)) + 12)?
-18
Calculate 4 + (-1 - -2 - 3) - (-24 - 11 - -71).
-34
Calculate (1 - 0 - (-5 + 2 + 2)) + 134 + -178.
-42
Evaluate 60 + (40 - 91) - -16.
25
What is the value of 3 - ((2 - 4) + (92 - 112))?
25
What is the value of (-1 - 4) + -10 - (-9 + 7 + 0) - 28?
-41
What is the value of (-25 - 8) + (22 - 51) + 15 + -8?
-55
46 + 0 - (-343 + 313 + (0 - -28))
48
What is the value of (-68 - ((2 - -1) + 7)) + -123 + 142?
-59
Evaluate -66 + 4 - (-7 + 12 - 13).
-54
Calculate 21 + (10 + -6 - (5 - 0)) + -28.
-8
Calculate 8 + (-85 + 77 - (2 + (-8 - (-1 + -2)))).
3
20 - (-11 - -30 - 1) - 25
-23
What is the value of -12 - (0 + 40 + (-17 - -25) + 6 + -16)?
-50
29 - (-5 + 24 - 5) - (-2 - -39 - 0)
-22
What is 4 + 0 + 7 - 5 - (-1046 - -1110)?
-58
What is the value of -79 - (100 + -45 + -46)?
-88
What is (-134 - -237 - 254) + 53?
-98
Calculate (-73 - (-9 + 1 + 19 + -12)) + 5.
-67
Evaluate -9 + (12 + -16 + 7 - -9) - 21.
-18
Calculate 15 + (-9 - (-9 + -8 - -7) - 8).
8
What is 32 - (3 + 14 + -28) - 19?
24
What is -1 - 17 - (-30 - 1 - (-1398 - -1374))?
-11
Calculate -98 + 0 + (2033 - 1981).
-46
Calculate 50 + 13 - (-343 + 345).
61
Evaluate (-149 - -68) + 157 + -19.
57
What is the value of 34 - 2 - (716 - 743)?
59
-30 + 153 + 82 - 116
89
What is 26 + -29 + 6 + (68 - (3 + -10))?
78
Evaluate 2483 + -2423 + (-4 - 8).
48
Calculate -20 + (-7 - (-55 + -9)).
37
Calculate 15 + 0 + (-75 - (31 - (-27 + 75))).
-43
Calculate 4 + 29 + -53 + (9 - -19).
8
What is -15 + (-9 - ((0 - -11) + -19 + 5 + -136))?
115
What is (1 - 12) + (33 - (16 + 11 + -16)) + 92?
103
Evaluate 5 - 2 - (135 - (-20 - -32) - 24).
-96
-92 - (-71 + -2 - (-80 - -44))
-55
What is -57 + 20 + -19 + (-2 - -2 - (-10 + 4))?
-50
Calculate (2 - (8 - 3)) + (573 - 566) - (-1 - -11).
-6
Calculate -8 + -51 + -1 + 14 + 8.
-38
46 + (-96 + -20 - -33)
-37
Calculate (-1 - (53 + 2)) + 485 + -479.
-50
What is 48 + (-2 - 0 - (43 - 61)) + -9?
55
Calculate 49 + (3 - 0) - (64 + -118 - -51).
55
(-4 - -5 - (-98 - -98)) + (1 - 0)
2
Calculate -32 - (96 + (65 - 47)).
-146
What is 16 + (3 - (-7 + (16 - 14)))?
24
What is the value of 14 + 1 + (1272 - 1249)?
38
-81 + (50 - 50) - -42
-39
Evaluate -9 + (20 - 88 - -21) + 21.
-35
Evaluate -2997 + 3112 - (-2 - -130).
-13
Calculate 2 + 12 + (106 - 106) - -27.
41
What is 3 + 13 - (27 - -23) - 1?
-35
What is -11 - (-6 + (5 - (-20 - -29)) - -60)?
-61
What is the value of -18 + 35 + 16 + (-32 - 4) + (1 - 45)?
-47
What is the value of 32 - ((-18 - (-33 - -15)) + 27) - (28 - 1)?
-22
What is 3 + -11 - -3 - (-18 + 20 + 20 + -34)?
7
What is the value of 58 - (-20 - -52 - 24)?
50
Calculate -4 + (3 + 4 + -1 + 1 - 18).
-15
What is the value of -16 + 117 - (-661 - -670)?
92
Calculate 77 - (-43 + -44 + 120).
44
What is the value of -77 - (-3 + 1 + -39)?
-36
41 + -7 + (12 - (24 - 1))
23
Calculate (18 - 22) + (1 - 21) + 106 + -92 - -12.
2
What is the value of -44 + -109 + 102 + 120?
69
-21 + 8 + 27 + -7 + (1 - -5)
13
What is the value of 0 + -16 - (-36 + 19 + 43)?
-42
What is 34 - (10 - ((-2 - 2) + (-12 - -21) - 2))?
27
Calculate (-54 - -1) + (-882 - -980).
45
What is -11 - (107 + -133 + 45)?
-30
Evaluate -14 - (1 + 18 + -17 + -8).
-8
What is -15 + -858 + 862 + -1 + 25?
13
-39 + 60 + (-10 - (0 - 28))
39
12 + (-12 - -9) - (-2 + 2 - -28)
-19
What is the value of (-1 + 9 - (-155 + 160)) + 50?
53
What is 3 + 112 + (-8228 - -8230)?
117
Calculate 26 + -22 - 32 - (2 - 4).
-26
What is (3 + 29 + -25 - -19) + -21?
5
Calculate -11 - (60 + -57 + 21).
-35
Evaluate -1 + -15 + (-1 - -25) + 971 + -969.
10
What is (-30 - -7) + 10 - (-1 + 8 + -3)?
-17
Evaluate (0 - 17) + -85 + 112.
10
What is the value of -9 + (3 - (-18 - (-7 - 2))) - (6 + 47)?
-50
-13 + -3 + 2 + (2 - 20 - -27)
-5
-2 - 6 - ((-7 - -32) + -35)
2
Evaluate -1 - (2 + -27 - (-38 - -24)).
10
1079 + -995 + (-2 - 35)
47
Calculate -36 - ((-165 - -159) + 26 + -1).
-55
What is the value of -57 - (-4 + 9 + 1 + -145 + 141)?
-59
What is 83 + (43 - (100 - 19))?
45
-16 + (-58 - -89) - -6
21
What is -2 - ((-2 - 39) + (29 - -15 - 41))?
36
What is 24 - (-34 - (-170 + 54))?
-58
What is the value of (4 - 25) + (-48 - -107) + -110?
-72
53 + 7 + (-1 - -2) + 1809 + -1813
57
Calculate (-53 - (-50 + 17)) + 59.
39
(-9 - -11) + 25 + 2 + 19 + -5 + -8
35
(-3 + -3 - -5) + (-49 + -23 - -33)
-40
345 + -231 + (-21 - (8 - -4))
81
Calculate -6 + -7 + 2 + -1 + -557 + 515.
-54
-27 - -48 - (-44 + 87)
-22
What is (-17 - 1) + 25 + 77 + -101?
-17
Evaluate -71 + 182 + -13 + -93.
5
Calculate -26 + 2 + 30 + 18 - 15.
9
What is -26 + -3 + -2 + (127 - 108)?
-12
What is the value of (-4 - 16) + 5 + (26 - (19 + -12))?
4
Calculate 39 - (3 + -20 - -102).
-46
Evaluate 106 - (138 - (60 + 30)).
58
Calculate (0 - 7 - -1 - 10) + -2 + -53.
-71
Calculate -21 - ((-7 - -2) + 16 + (-49 - -20) + 21).
-24
What is (137 - 107) + (-62 - -18)?
-14
What is (254 + -173 - (1 + 0)) + (7 + -5 - 12)?
70
426 + -442 + -10 + -7
-33
Evaluate -84 - ((17 - -11 - 6) + -48).
-58
Calculate 30 - (-9 - (8 + (4 - -6))).
57
-108 + 86 + 13 + (2 - -7)
0
What is (-9 + 18 + 1 + 1 - -1) + -3?
9
-2 - -40 - (32 + -14 - -6)
14
Calculate 59 - 72 - (-8 + -14 + -1) - (0 - 40).
50
Evaluate (1005 - 809) + (-5 - 118).
73
-38 + 8 + -4 - (-960 + 941)
-15
(56 - 30) + -50 + (-9 - -1)
-32
Calculate 1 + ((9 - -20) + 9 - -3) + 19.
61
Calculate -62 + (173 - (-10 + 79)).
42
Evaluate -36 + 42 + -18 - (-8 + -13).
9
What is (6 + -40 - (-236 - -202)) + -20?
-20
What is the value of -31 + -6 - (40 - 70) - (0 + -1 - -26)?
-32
57 - (132 - (124 - 43))
6
What is the value of -37 - 33 - (47 - 107)?
-10
Evaluate (8 + -21 - (-16 + (-9 - -17))) + 56.
51
Calculate -64 + (-13 - -42 - -6).
-29
What is the value of (29 - ((1 - 16) + 158)) + 41?
-73
Calculate -6 + (35 - 21) - (73 + -6).
-59
68 + (-64 - 57) - -6
-47
Calculate 26 + (-523 - -486) + 7 + 2.
-2
-13 + -8 + (13 - 5) - -14
1
What is -12 - -2 - ((322 - 68) + -211)?
-53
What is 0 + 13 + -4 - -102 - (89 - 87)?
109
What is -2 + 13 + -118 + 68 + 117?
78
Calculate -79 + 115 + (-17 - (13 + -17)).
23
-58 - (-31 + 0 + 1)
-28
Calculate -55 + 87 - (14 + -17 + -3 + -9).
47
17 - ((108 - (-16 - -27)) + 5)
-85
What is 4385 + -4313 + (-159 - -2)?
-85
What is the value of 45 + (2 + 3 - (18 + 7))?
25
Evaluate 87 + -3 - (989 - 955).
50
What is (-5 - -2) + 5 + -39 + (46 - 123) + 77?
-37
What is the value of -20 + 23 + 6 + 5 + -2?
12
(-1 + 29 - -3) + -14 + -31 + -16
-30
What is the value of -7 - 12 - (5 + 1) - (-8 + (-9 - -20))?
-28
Evaluate 16 - -1 - (22 + (-45 - (23 - 55))).
8
Calculate 9 + (-17 - (93 - 10 - -10)) + -13.
-114
What is -11 + -58 - (10 + -5) - -12?
-62
Evaluate (108 - 95) + 8 + 0 + -1 + -50 + -68.
-98
-10 - (20 - (16 - -50)) - (-3 - 2)
41
-33 - (41 - 8 - 129)
63
Evaluate 98 + -69 + -91 - -71.
9
Calculate 8 + -21 + 16 - (1 - -5) - 8.
-11
What is the value of -2 - -6 - 2 - (823 - 853)?
32
Calculate 15 + (5 - 8) - ((-13 - -11) + -3 + 6).
11
What is the value of 1 - -1 - ((10 - 5) + -2) - (-562 - -507)?
54
What is the value of 44 + 92 + -88 + -189?
-141
Calculate -16 - 1 - ((34 - -3 - 30) + -30 + 17).
-11
-32 - (-7 - -3 - -13 - -2)
-43
Evaluate -8 + (-3 + 7 - 1) + (-107 - -13 - -9).
-90
0 - -60 - (10 + -11 + 49 + -41)
53
What is -49 - (-5 - -27 - 104)?
33
29 - (-20 - (19 + (-28 - -8)))
48
What is (-3 - -2 - (0 + -18)) + (-216 - -157)?
-42
Calculate (-2 - (-27 + -4)) + 184 + -199.
14
What is (36 - (-7 + 63)) + -37?
-57
What is the value of -29 + -1 - -22 - 44?
-52
What is the value of 2 - ((35 - 48) + 20)?
-5
What is 106 - (101 - 101) - 41?
65
1205 - 1206 - (-18 + (-3 - -3))
17
58 + -3 + -31 + -34
-10
Calculate (-97 + 102 - -3) + (4 - 36).
-24
What is -3 - (-2 + -9 + 1 + (25 - 19) + -54)?
55
What is the value of 2 + -49 + 8 + -89 + 117?
-11
Calculate (18 - (8 + -7)) + 12 + 0.
29
Evaluate -7 + (-10 - -14) + -9 + (10 - 14).
-16
What is the value of -18 + (28 - (-20 - -13)) - 32?
-15
What is 80 + -89 - ((-9 - (-9 + 91) - 2) + 4)?
80
Calculate -38 + 219 + -27 + 22 + -25.
151
Calculate (62 - 19 - 14) + (1 - -7) + -8.
29
Calculate 